-30 + 30. Suppose -2*l + 13 + 7 = h. List the prime factors of l.
2, 5
Let y be 8/(-2) - (-3)/(-3). Let o = -13 - -12. What are the prime factors of y - -33 - (o - -2)?
3
Let c(w) = w**2 + 7*w + 10. Let g be c(-10). Suppose 2*k - 32 = g. List the prime factors of k.
2, 3
Let y be (-2 - -3)*15*-1. Let p be y/(-6)*(-4)/(-5). Suppose a + a - 6 = 0, -3*h + p*a + 3 = 0. What are the prime factors of h?
3
Let n be 2/(-4) + (-454)/(-4). Suppose n = 4*x + 5*r, 3*x - 81 = -0*x - 5*r. Suppose s - x + 2 = 0. List the prime factors of s.
2, 3, 5
Let s = -25 + 88. Suppose 4*c + 3*h = 2*c + s, 5*c + 5*h - 160 = 0. What are the prime factors of c?
3, 11
Let w be (2 + 2)/(2 + -4). What are the prime factors of w*(-3)/3 - -72?
2, 37
Suppose 0 = -2*t + 7 - 1. Suppose 3*k - 57 + t = 0. List the prime factors of k.
2, 3
Let o = 5 - -2. Let z(p) = 9*p - 22. What are the prime factors of z(o)?
41
Suppose -3*s + 2619 = -1875. List the prime factors of s.
2, 7, 107
Suppose 4*d - 5*d = -2. Suppose 684 = 5*j - d*m, 0 = -2*j - 3*m + 61 + 224. What are the prime factors of j?
2, 3, 23
Suppose 0 = 3*w + 4*p - 9 - 11, -p = -4*w + 33. Suppose -4*a = -3*a - w. Let l = a - 2. List the prime factors of l.
2, 3
Suppose 2*h - 4*j - 438 = 0, -4*h = h - j - 1131. Suppose 0 = -30*w + 31*w - h. What are the prime factors of w?
227
Suppose 1 = -6*i + 31. Let y be 5/(i/31) + -1. Let g = y + -7. List the prime factors of g.
23
Let q be ((-1242)/162)/(2/(-6)). Let d be (0 + -1)/((-3)/(-42)). Let k = d + q. What are the prime factors of k?
3
What are the prime factors of ((-2632)/140)/((-6)/645)?
43, 47
Let k be 48/40*2/(-4)*-15. Let g(w) = 16*w + 2 - 5*w + w**3 - 10*w**2 - 6. List the prime factors of g(k).
2, 7
Let j(o) = -o**2 - 11*o - 4. Let k be j(-7). Let g = k + 16. Suppose -w + 3*b = -g, -b - 45 - 60 = -4*w. List the prime factors of w.
5
Let q(k) = 388*k - 267. List the prime factors of q(3).
3, 13, 23
Let z be (-40)/(-7) + 24/84 - 0. What are the prime factors of (-4*(-87)/(-6))/(z/(-3))?
29
Let r(n) = -n**2 - 85. Let i be r(0). Let c = -59 - i. What are the prime factors of c?
2, 13
Let f = -157 + 174. What are the prime factors of f?
17
Let g(r) = -r**2 - 72*r - 365. List the prime factors of g(-27).
2, 5, 17
Suppose 2*l = 5*p + 99, -5*l + 2*p + 321 - 21 = 0. Suppose 5*j = 492 - l. List the prime factors of j.
2, 43
Let c(y) = -5*y + 46. Let b be c(9). What are the prime factors of -24 + 26 + b + 132?
3, 5
Let q(r) = r**2 + 9*r + 22. Let h be q(-7). Suppose 2*s - 69 = 5*z, -h*s + z = -3*s - 230. List the prime factors of s.
47
Let w be -10*1*(-8)/10. List the prime factors of 54*(1 - 6)*(-4)/w.
3, 5
Let a(f) = 155*f**3 - 3*f**2 + 2. What are the prime factors of a(1)?
2, 7, 11
Suppose 2*o + 3*m = 4, -5*m + 5 + 19 = -o. Let j be 1*(-18 + (o - -3)). Let v = j + 31. What are the prime factors of v?
2, 3
What are the prime factors of ((-472832)/(-192))/((-2)/(-3))?
2, 1847
Let v = -29 - -80. Let l = v - 13. What are the prime factors of l?
2, 19
Suppose -2*v + 3*w = -3051, 3*v + 3*w - 7*w = 4577. List the prime factors of v.
3, 509
What are the prime factors of (-276)/46 - -4*4?
2, 5
Let a(l) = l**3 + 3*l**2 + 3*l + 1. Let h be a(-3). What are the prime factors of (-1 + h)/(0 - (-2)/(-38))?
3, 19
Suppose 5*w - 385 = 4*r, 2*r = -4*w - r + 277. Suppose -17 = d - w. What are the prime factors of d?
2, 7
Let m(g) = 2*g**3 - 54*g**2 + 20*g + 56. What are the prime factors of m(27)?
2, 149
Suppose -45 = -0*n + 9*n. What are the prime factors of 10/(n/((-285)/6))?
5, 19
Let m be (-596)/(-12) - 2/(-6). Let n = 326 - m. What are the prime factors of n/15 + 4/(-10)?
2, 3
Let v be (-382)/(-3) - 48/36. Let z be (1 - 11)*v/(-15). Let n = z + -52. What are the prime factors of n?
2
Suppose -3*m = -3*d + 3, 2*m + 14 = -4*d - 0*m. Let s be 14*5/d - -3. What are the prime factors of (-632)/s + 1/4?
2, 5
Let w = 5561 + -2764. List the prime factors of w.
2797
Let n be 19/(-76) + -22*(-6)/16. List the prime factors of 352/12 - n/(-12).
2, 3, 5
Let h(c) = -c**2 - 6*c - 6. Let j(i) = -i**2 - 7*i - 7. Let w(a) = -2*h(a) + 3*j(a). Let p be w(-7). Suppose 102 = -p*z + 8*z. What are the prime factors of z?
2, 17
Let f = -47 + -21. Let v = -46 - f. Suppose -n = -0*n - v. List the prime factors of n.
2, 11
Suppose 0 = 5*f - 2*n - 14 - 32, 4*f - 23 = -3*n. What are the prime factors of -3*(-2)/3*420/f?
3, 5, 7
Let h(v) = 2*v**2 - v + 137. Let i be (18 - 19) + (1 - (2 + -2)). List the prime factors of h(i).
137
Let s = 33 + 7. Let h(r) = -r**2 + 46*r + 497. Let a be h(55). Suppose -z + a*o + s = 0, 2*z - 4*o - 46 = z. What are the prime factors of z?
2, 17
Suppose -5*o - 1311 = -w, -6*w + 10*w + 5*o = 5144. What are the prime factors of w?
1291
Let b(q) = -12 - 2*q + 3 + q**3 - 2 - 7*q**2 - 3. What are the prime factors of b(8)?
2, 17
Let o(g) be the third derivative of g**6/120 - 3*g**5/20 - g**4/6 - 3*g**3 - 3*g**2. What are the prime factors of o(10)?
2, 3, 7
Let l(i) = -6 + 4*i**2 - i + 1 - 3*i**2. Suppose 0 = p + 41 - 47. What are the prime factors of l(p)?
5
Let x be (12/42 + 5/7)*3. Let t(i) = -2*i**3 - 2*i**2 + i + 1. Let d be t(-2). Suppose -4*r - p = -d, -x*r - 2*p + 0 = -4. List the prime factors of r.
2
List the prime factors of (-5332)/(-9) + (-276)/621.
2, 37
Suppose 5*a - 2*a = 360. Suppose o = -3*o + a. Let v = 66 - o. List the prime factors of v.
2, 3
Let w(z) = 2*z**3 + 42*z**2 - 18*z - 28. What are the prime factors of w(-20)?
2, 283
Let j = 6 + -2. Suppose 80 = j*o - 3*o - k, 0 = 2*o - k - 160. List the prime factors of o.
2, 5
Suppose -34 = 4*j + 46. Let r = j + 88. List the prime factors of r.
2, 17
List the prime factors of 6 + 0 + -54 + 499.
11, 41
Suppose 4*f = -12 + 4. What are the prime factors of -14 + 30 - (-4)/f?
2, 7
Suppose -4*q - 33 = -449. Suppose 3*d - 4*a = q, -26 = -d - 2*a - a. Suppose 12 = -n + d. What are the prime factors of n?
2, 5
Let c be -6*(-1)/(1/5). Suppose c = -5*t + 3*t. What are the prime factors of (-73)/(-5) + (-6)/t?
3, 5
Suppose 6 = 3*g + 3, -1891 = -3*f - 4*g. What are the prime factors of f?
17, 37
List the prime factors of (75/5)/(-5) + 937/1.
2, 467
Let s(g) = -g**3 - 2*g**2 + 3*g + 3. Let a be s(-2). List the prime factors of 7/((-1)/3*a).
7
Let a(p) be the second derivative of -p**3/6 - p**2 + 11*p. List the prime factors of a(-7).
5
Let a = 716 + -226. What are the prime factors of a?
2, 5, 7
Suppose 8 = 2*o + 2*o. Let i be (-1842)/(-36) - o/12. Let f = i + -27. List the prime factors of f.
2, 3
Let c be (-4 - -12)/(4 + -2). Suppose c*g + 3*k - 532 = -k, -680 = -5*g - 2*k. What are the prime factors of g?
2, 3, 23
Let k be ((-6)/(-4))/(3 + 693/(-238)). Let s = -13 + 3. Let y = s + k. What are the prime factors of y?
7
What are the prime factors of (1 - -416) + 2 + 1?
2, 3, 5, 7
Let h = 33 - 11. Let y = 13 + h. List the prime factors of y.
5, 7
Let t(v) = 5*v**2 - 3*v - 2. Suppose 2*z + j + 4*j - 17 = 0, -2*z + 3*j - 23 = 0. List the prime factors of t(z).
2, 3, 5
Suppose -n - 4 = 2*x - 0*n, -6 = 3*n. Let r(b) = 16*b**2 + 1. Let m(f) = 48*f**2 + 3. Let c(p) = 6*m(p) - 17*r(p). What are the prime factors of c(x)?
17
Suppose -11*d + 2164 + 322 = 0. What are the prime factors of d?
2, 113
Suppose 3*f - h + 44 = 0, -4*f = h + 7 + 61. Let x be 0*2*4/f. Suppose x = 4*j - 0*j - 132. List the prime factors of j.
3, 11
Let f(m) be the third derivative of m**4/8 - 31*m**3/6 - 4*m**2. What are the prime factors of f(13)?
2
Let m(d) = 4*d + 17. Let r be m(-6). List the prime factors of (r/(14/(-8)))/((-4)/(-110)).
2, 5, 11
Let s(t) = -5*t - 52. List the prime factors of s(-13).
13
Suppose 0 = 115*j - 110*j - 540. What are the prime factors of j?
2, 3
Suppose 5 = z, -4*z = o + 2*o - 266. Suppose -252 = -5*h - o. Suppose -5*y = -2*n + h - 12, -4*y + 56 = 3*n. List the prime factors of n.
2
Suppose -3*s - 35 + 425 = 0. Suppose 7*c + 143 = -s. What are the prime factors of (91/c)/((-1)/15)?
5, 7
Let x = 2837 + -481. List the prime factors of x.
2, 19, 31
List the prime factors of (2/4)/(1 - 3993/4004).
2, 7, 13
Let d(i) be the first derivative of -i**4/24 + i**3 - 5*i**2/2 + 5. Let k(g) be the second derivative of d(g). List the prime factors of k(-12).
2, 3
Let f = -192 - -500. Suppose 3*m = 2*b + f, -b = -0*b + 4. Suppose -y - q + 3*q = -38, -5*q + m = 4*y.